 m be (6 - 3)*(-4)/(-6). Let l be m*(-8)/2*(-30)/48. What are the prime factors of -36*(-1)/l + (-4)/(-5)?
2
Suppose 0 = 19*p - 37*p + 102492. List the prime factors of p.
2, 3, 13, 73
Let o be -1 - 63 - (2 - 2). Let t be (-10)/(-85) + o/(-34). Suppose -10 = -s - s, 986 = 4*q - t*s. What are the prime factors of q?
3, 83
Let n = 80 + -74. Suppose 0 = -5*f + 21 - n. What are the prime factors of 129/(1/(2/f))?
2, 43
Suppose 3 = -9*n + 201. List the prime factors of n - 2 - (12 - 6).
2, 7
Suppose -4*s + 7612 = -27*s + 399348. What are the prime factors of s?
2, 2129
Let q(s) be the third derivative of -s**5/60 - 5*s**4/6 - 2*s**3/3 - s**2. Let l be q(-20). Let o(a) = -9*a - 4. List the prime factors of o(l).
2
Suppose 35 + 133 = 3*z. Suppose 0*o - 7*o - z = 0. Let h(y) = -y**3 - 5*y**2 + 14*y + 9. What are the prime factors of h(o)?
89
Let s(z) = -894*z + 302. List the prime factors of s(-6).
2, 2833
Let n = 2603 + -1841. Suppose 0 = 4*q + 8, 3*b - 5*q + 2*q - n = 0. Suppose -4*z + b = 60. List the prime factors of z.
2, 3
Suppose -1 = m - 2*m. Let c be 6198/(-15) + m/5. What are the prime factors of 10/(-7) + 1 - 46020/c?
3, 37
Let w = -31359 + 79358. List the prime factors of w.
7, 6857
List the prime factors of 2/(-5) + (-2266740)/(-225).
2, 3, 23, 73
Let b(s) = -s**2. Let q(r) = -r**3 - 17*r**2 - 26*r - 12. Suppose 2*u = 2*p, -1 = 5*p - 4*u + 1. Let w(a) = p*b(a) + q(a). What are the prime factors of w(-14)?
2, 3, 13
Let o(r) = 25*r**3 - 6*r**2 - 4*r - 11. What are the prime factors of o(6)?
19, 271
Let y(b) = 107*b**2 + 94*b - 478. What are the prime factors of y(5)?
3, 7, 127
Let d(f) = 150*f + 26. Let k be d(6). Suppose 0*v = 5*q + v - k, -q + 187 = 2*v. What are the prime factors of q?
5, 37
Suppose -3*m - 32*m + 35 = 0. Suppose 3*d + m - 3211 = 0. What are the prime factors of d?
2, 5, 107
Let j = -12180 + 14218. What are the prime factors of j?
2, 1019
Suppose 0 = -11*n - 25*n + 72*n - 339696. What are the prime factors of n?
2, 7, 337
Let d(k) = k**2 + 15*k + 28. Let y be d(-13). Suppose 0 = 4*v - y*n - 130 - 1410, 0 = v - 3*n - 375. List the prime factors of v.
3, 43
Suppose -r = 6, 19*r - 16*r = -6*z + 89730. What are the prime factors of z?
2, 3, 277
Suppose -34*v = -6813 + 421. Let c be (-358 + 0)/(1*-1). Let j = c - v. What are the prime factors of j?
2, 5, 17
Suppose 121 + 22 = 13*s. Let o(r) = -17 + 30*r + s*r + 6. What are the prime factors of o(2)?
71
Let c be 163 - (-6 + 2 - -10). Suppose -2*v = 2*m - 66, -m + c = -v + 6*v. List the prime factors of v.
31
Let s = -359 + 358. Let k(l) = -l. Let z(j) = -71*j**2 - 4*j + 1. Let x(d) = 6*k(d) - z(d). What are the prime factors of x(s)?
2, 3
Let g(n) = n**2 + 15*n + 3. Let z be g(-15). List the prime factors of (-11 - -151 - (-2 + 5)) + z.
2, 5, 7
Let f(i) = i**3 + 7*i**2 - 8*i - 15. Let a be f(8). What are the prime factors of 20/(-5) + a + -1?
2, 3, 73
Suppose 160 = 30*l - 10*l. Suppose 2*n + w = 917, -3*w - 7 = l. What are the prime factors of n?
461
Let y(c) = 2*c**3 + c + 6. Let r = -15 - -13. Let v be y(r). List the prime factors of (-15 - 0)/(v/56).
2, 5, 7
Let p(m) = 3 + 4*m**2 - 25 + 7*m**2 + 8*m. Let w(b) = 20*b**2 + 17*b - 45. Let h(l) = 11*p(l) - 6*w(l). List the prime factors of h(21).
5, 7
Let l = 459 - 152. Suppose -4*h + 177 + 223 = 4*t, 4*h = 3*t - l. Suppose w = -1 + 2, b = -2*w + t. List the prime factors of b.
3, 11
Suppose -4*c + v + 352 = -0*v, 83 = c + v. Suppose r + b - 18 = 0, -4*r - r - 4*b = -c. Suppose 0 = 17*h - r*h - 222. List the prime factors of h.
3, 37
Suppose -11*g + 3*g + 160 = 0. Suppose 9308 = g*p - 792. What are the prime factors of p?
5, 101
Let v(n) = -780*n + 1005. What are the prime factors of v(-8)?
3, 5, 7, 23
Suppose -5*b + 472 = -273. Let r = -91 + b. List the prime factors of 2/(-4) + (r/4)/1.
2, 7
Suppose -617*s + 23838 = -615*s. What are the prime factors of s?
3, 29, 137
Suppose -120*b + 1285010 = 646842 - 2683552. List the prime factors of b.
3, 9227
Suppose q = 4*o - 3, -6 = -21*o + 18*o + 2*q. Let f(g) = -3*g**2 - g + 515. List the prime factors of f(o).
5, 103
Let c = -35574 + 54420. List the prime factors of c.
2, 3, 349
Let t = 9049 + -5388. What are the prime factors of t?
7, 523
Suppose 72*w - 3332 = 44*w. List the prime factors of w.
7, 17
Suppose 8 = 5*p - 4*k, p - 3*k = -k - 2. Suppose p*d + 3*d = 21. List the prime factors of (d*1)/((-84)/(-7420)).
5, 53
Suppose -4*k + 2*k - y = 91, 0 = -3*k + 4*y - 109. Let m(v) = -4*v - 83. List the prime factors of m(k).
89
Let g(q) = 6*q**2 - 7*q + 3. Let u be (-45)/(-12) - (-1)/4. Let d be 34/(-8) + 1/u. List the prime factors of g(d).
127
Suppose 20*h - 43750 = -5*h. Let k = h - 571. List the prime factors of k.
3, 131
Let r(a) = -19*a - 38. Let q be r(-2). List the prime factors of ((-11700)/(-240))/(q + (-9)/(-120)).
2, 5, 13
Let f = 615 - -1818. What are the prime factors of f?
3, 811
Let y(n) = 36*n**2 - 55*n - 441. List the prime factors of y(-13).
2, 11, 17
Let q(x) be the third derivative of 0 - 31*x**2 + 0*x + 3*x**3 + 5/12*x**4 + 1/30*x**5. List the prime factors of q(-9).
2, 3, 5
What are the prime factors of ((-8)/20*5/(-3))/(24/196848)?
2, 1367
Let i = 14952 - 4749. List the prime factors of i.
3, 19, 179
Suppose 1 = -2*b + b - 4*w, -5 = 5*b + 2*w. Let i(f) = -f. Let o(r) = -9*r**2 - r - 2. Let j(a) = b*i(a) - o(a). What are the prime factors of j(-2)?
2, 17
Let s(g) be the second derivative of g**5/20 - 7*g**4/12 + 2*g**2 - 6*g. Let b be s(7). Suppose -b*t + 174 = 2*t. What are the prime factors of t?
29
Let j(l) be the second derivative of l**5/20 + 5*l**4/12 - l**3 + 2*l**2 + 4*l. Let u be j(-6). What are the prime factors of (4 - 1 - u) + 68?
67
Suppose -s + 367 = -h, -9*s + 6*s + 2*h + 1101 = 0. Let k = s - -894. List the prime factors of k.
13, 97
Let m(p) = -2*p**2 + 31*p - 66. Let j be m(12). List the prime factors of (96/j)/8 + 9336/9.
2, 3, 173
Suppose -2*i - 16 = -24. Suppose -2*g - 419 = -i*s + 389, 4*g + 195 = s. List the prime factors of s.
7, 29
Let a = 26894 - 19123. List the prime factors of a.
19, 409
Let l(p) = p + 9. Suppose 4*n - n = 15. Let d be l(n). Suppose -d*w + 8*w = -222. List the prime factors of w.
37
What are the prime factors of (-91)/(39/(-3)) + 3745?
2, 7, 67
Let u be (-4)/(-14) + 4/(-14). Suppose 6*p + 4*f - 1490 = 4*p, 3*p + 5*f - 2230 = 0. Suppose 18*o - 13*o - p = u. List the prime factors of o.
3, 7
Suppose 4*q - 4*f = 20, -8*f = -4*q - 5*f + 17. List the prime factors of 7602/(-84)*q*-1.
181
Suppose -u - 2*d + 598 = 0, 52*d - 53*d = -3. Suppose -4*o = -48*f + 47*f - 604, 0 = 4*o - 4*f - u. What are the prime factors of o?
2, 19
Let u(i) = 53*i**3 - 2*i**2 - 7*i + 9. Suppose -t = -n - 1, -2*t + 2*n + 6 = 4*n. List the prime factors of u(t).
3, 137
Suppose -96728 = 12*u - 20*u. Suppose -22*p + u + 8347 = 0. List the prime factors of p.
929
Let y be 4664/20 + (-15)/75. Suppose 2*q = 2*d + 3*d + 225, -3*d + y = 2*q. List the prime factors of q.
5, 23
Let q = 393 - 1323. Let b = 1327 + q. What are the prime factors of b?
397
Let d(z) = -9*z**2 + 3*z + 1. Let v be d(-1). Let i(x) = -22*x + 19. List the prime factors of i(v).
3, 29
Let m(w) = -2*w**3 - 4*w**2 - 7*w - 3. Let d(o) = 2*o**2 + 34*o - 39. Suppose -v - 27 + 9 = 0. Let x be d(v). List the prime factors of m(x).
2, 3
Let k = 1751 - 767. Let w = 1724 - k. List the prime factors of w.
2, 5, 37
Suppose -3*s = -4*g + 497, 4*g - 4*s - 163 = 329. List the prime factors of (8864/g)/(2/16).
2, 277
Let q(n) = -221*n - 50. Let g be q(-6). Suppose -8*j + 4420 = g. What are the prime factors of j?
3, 131
Let o be ((-1)/(-6)*-278)/(4/144). Let j = 3022 + o. List the prime factors of j.
2, 677
Suppose 5*g + 0*z = -2*z + 2301, -2*g = -2*z - 912. Let c(r) = -r + 8. Let d be c(8). Suppose 7*p - g + 165 = d. List the prime factors of p.
2, 3, 7
Let j = -29 + 14. Let l be (54/j)/(10/(-25)). Suppose -l*p + 465 = -4*p. What are the prime factors of p?
3, 31
Let d = -531 - -535. What are the prime factors of 201/d*34/(-6)*-4?
17, 67
Let y = 8846 - 7010. List the prime factors of y.
2, 3, 17
Suppose -132*f + 980627 = -53*f. List the prime factors of f.
12413
Let i = 49 - 44. Suppose i*x = 47 + 98. Suppose -5*m = -y - 2*y + x, -2*y + m = -17. List the prime factors of y.
2
List the prime factors